r?
True
Suppose 3*u - 390 = -z + 4*z, 538 = 4*u + 5*z. Suppose 0*f - u = -3*f. Suppose 0 = 4*b - 0*b - f. Is b composite?
False
Let d = 4 + -3. Let w(o) be the second derivative of 5*o**3/2 + 9*o. Is w(d) a prime number?
False
Let f = 4254 - 2995. Is f a prime number?
True
Let x = 704 - -95. Is x a prime number?
False
Let x(u) be the first derivative of u**5/60 + 3*u**4/8 + u**3/2 + u**2/2 - 3. Let m(h) be the second derivative of x(h). Is m(-9) composite?
False
Suppose -2*u + 7*u = 0. Suppose 0 = -u*l - l + 5. Suppose -62 = -3*x - g + 50, 3*x - 124 = l*g. Is x composite?
True
Let k(g) be the first derivative of 3*g + g + 0*g - 1 - g**2. Is k(-3) prime?
False
Suppose -270 = 4*m + 350. Let r = -90 - m. Is r prime?
False
Suppose -9 = 3*n + 9. Let z be 0 - 0 - (-2 + 15). Let r = n - z. Is r a prime number?
True
Suppose 4*i = i + 111. Is i composite?
False
Let x(j) = 29*j - 5. Let w(q) = -15*q + 2. Let k(s) = 11*w(s) + 6*x(s). Is k(7) a composite number?
True
Let x(s) = 111*s**2 - 2*s + 1. Is x(-2) prime?
True
Let g(o) = 2*o**2 + 2 - 2*o + 5*o + 3*o**2. Let i be g(-2). Let u = i + 6. Is u a composite number?
True
Let t(h) be the third derivative of h**6/120 + 2*h**5/15 + 7*h**4/24 + h**3/2 - h**2. Is t(-5) a prime number?
True
Let x be 4/(-12) - (-12344)/(-12). Let m = 2000 + x. Is m composite?
False
Let z(n) be the second derivative of n**4/12 - n**3/3 - 3*n**2/2 + 2*n. Suppose 4*k + 36 = 5*o, k = 5*o - 12 - 12. Is z(k) a prime number?
False
Suppose -q + 291 = 2. Is q prime?
False
Suppose 7*d - 6197 = -2018. Is d composite?
True
Let b = 61 - 90. Suppose 0 = -4*d - 5*j - 200, 0 = 3*d - 3*j - 0*j + 150. Let l = b - d. Is l composite?
True
Suppose 4*x = 270 - 14. Let a = -74 - -41. Let z = a + x. Is z a composite number?
False
Let a = -12 - -46. Is (0/(-4))/(-4) + a a composite number?
True
Let v be 4/3*6/4. Suppose -v*s + s + 95 = 0. Let k = s + -16. Is k a prime number?
True
Is 24/2 + 12/6 a prime number?
False
Suppose -2*j + 8 = 2*j. Suppose m - j*m = -77. Suppose 3*d + 200 = 5*z - m, -3*d = -2*z + 118. Is z composite?
False
Let v be 2/1 + (-8)/4. Suppose w + 3*w - 100 = v. Is w prime?
False
Suppose 5*o - 304 = -89. Is o prime?
True
Let k = -98 - -765. Is k composite?
True
Suppose -y + 0 + 3 = 0. Suppose 1237 = -4*k + 4*b - 1111, -y*k - 1721 = 5*b. Is k/(-30) + 2/(-5) prime?
True
Suppose 4*q - 228 - 40 = 0. Is q a composite number?
False
Suppose 0*j + 7*j - 1001 = 0. Is j a composite number?
True
Suppose 9 = 3*f - 3*v, 0*v - 21 = -2*f - v. Suppose 4*p = 3*j - f*j + 528, 2*p - j - 250 = 0. Is p prime?
True
Let d = 1656 - -289. Is d a prime number?
False
Suppose -5*t + 92 = -3*m, 43 + 21 = -m - 5*t. Let a = -2 - m. Is a a composite number?
False
Let r(g) = g**2 + 1. Let s be r(2). Suppose s*y = y + 384. Suppose -y = -3*z + 42. Is z prime?
False
Let m(v) = -v**3 - 3*v**2 + 4*v - 8. Let h be ((-4)/4)/((-1)/(-6)). Let d be m(h). Is 4 + d + (0 - 1) prime?
True
Let u(f) = 9*f**2 - 2*f - 1. Let w = 1 - -4. Suppose -4*v - 3 = 5*p - 24, -w*p + 29 = -4*v. Is u(v) composite?
True
Let g(r) = r + 19. Let s be (0/(-3))/((-4)/2). Let f be g(s). Suppose -f - 2 = -m. Is m prime?
False
Suppose 3*d - 528 = -2*c, 0*d = 4*c - 4*d - 1076. Is c composite?
True
Is (-56)/(-14) - 115/(0 + -1) a prime number?
False
Suppose 0 = -4*i + i + 9. Suppose 0 = i*l - 3*r + 3, l + 3*r - 8 = 7. Is l a composite number?
False
Let x = 4402 - 1673. Is x composite?
False
Suppose 0 = -3*r + r - 150. Let g = 218 + r. Is g prime?
False
Let p(d) = 8*d**2 - 54*d - 19. Is p(16) a composite number?
True
Let j(y) = 9*y - 15. Let o(n) = -1 + 5*n - 8 + 1. Let r(c) = 3*j(c) - 5*o(c). Is r(6) composite?
False
Let d(m) = -133*m + 6. Let l be d(-6). Let c = 1289 - l. Is c composite?
True
Let h = 167 + 300. Is h prime?
True
Let w(v) = -3*v**2 - 12*v + 8. Let b(t) = -3*t**2 - 11*t + 8. Suppose 0*i = 2*i + 10. Let a(j) = i*b(j) + 4*w(j). Is a(-6) a prime number?
False
Let g = 3 + 0. Suppose -g = -0*j + j. Is (j/6)/((-2)/56) a composite number?
True
Let q = 790 - 459. Is q composite?
False
Suppose 2*o = 4*g, g + 3*g = o + 4. Let q(p) = -6*p - 4 + 3 + o. Is q(-5) a composite number?
True
Let o(u) = -4979*u + 6. Is o(-1) a prime number?
False
Suppose 0 = 5*c - 549 - 196. Is c prime?
True
Let z be (-12)/(-8) + (-3)/(-6). Suppose u = -u + z. Suppose -104 - u = -3*f. Is f composite?
True
Let t(r) = r**3 + r**2 + 3. Let d be t(-3). Is (-489)/d + (-2)/(-5) prime?
False
Let t be 2/3 - (-8268)/(-36). Let s = t + 434. Is s prime?
False
Suppose -3*k - 5*b = -3*b - 345, -230 = -2*k - 2*b. Suppose 5*g = d - 0*d + k, 2*d + 46 = 2*g. Is g a composite number?
False
Suppose 0*m + 4*l + 2259 = m, 4*l - 11343 = -5*m. Is m a composite number?
False
Suppose 2 + 3 = -r, -4591 = -3*s + 2*r. Is s a prime number?
False
Let o(t) = 62*t**3 - t + 1. Let r be o(1). Let m = 93 - r. Is m a prime number?
True
Suppose 3*j - 258 = -3*p - 0*j, 0 = 3*j + 9. Is p a composite number?
False
Is -223*((-8)/4 - 0) a composite number?
True
Suppose 0*z + 162 = 2*z. Suppose 4*r - 121 = i - 2*i, -4*i = 3*r - z. Is r a prime number?
True
Let r(m) = -2*m + 223. Is r(0) prime?
True
Let w(q) = q**2 - 9*q + 4. Suppose -7 = -f - 1. Let l be w(f). Is 682/14 + (-4)/l a composite number?
True
Suppose 5*d + 7934 = 28989. Is d prime?
True
Suppose 689 = l - 2*k, l - 235 - 459 = 3*k. Is l a prime number?
False
Let b be (-1)/4 - 15/4. Let s be (-13)/((-65)/(-540)) - 2. Is s/(-6) + b/(-6) a prime number?
True
Suppose -v = 3*y - 5, 4*v + 2 = -3*y + 13. Is 20/10 + (y - -178) a prime number?
True
Let l(j) = j**2 + 37*j + 93. Is l(27) a prime number?
False
Let r = 54 - 31. Suppose 11 = u - r. Is u a composite number?
True
Suppose -6*c - 1085 = -13*c. Is c composite?
True
Let n = -13 - -18. Suppose 4*v + 4*s - n*s - 336 = 0, 3*s - 12 = 0. Is v a prime number?
False
Let g(q) = q**2 + 6*q - 11. Let b be g(-8). Suppose -b*z + v + 27 - 7 = 0, -4*z + 5*v = -37. Suppose z*m - 32 = 175. Is m a prime number?
False
Suppose 3*b - 5*i = 3194, 3*i - 5360 = -5*b + 4*i. Is b composite?
True
Suppose r - 4*u + 2*u + 1 = 0, -6 = 3*r - 3*u. Let y(m) = -22*m - 4. Is y(r) a composite number?
True
Let u(r) = -3*r**2 + 3*r + 3. Let i be u(3). Let y = 26 + i. Let q(v) = v**2 - 7*v - 11. Is q(y) composite?
True
Suppose o - 5*d - 77 = 0, -3*o = -0*o - 5*d - 211. Is o a composite number?
False
Suppose -2*o = 3*o - 745. Is o composite?
False
Let v(y) = -5*y - 15. Let b(o) = -45*o - 135. Let j(s) = -6*b(s) + 55*v(s). Let x be 1 - (3 + 16/2). Is j(x) composite?
True
Let g(t) = t**2 - 5*t - 5. Let j be g(6). Let z(o) = 36*o + 1. Is z(j) a composite number?
False
Let p = 19 + -11. Suppose -3*s = 2*y - 529, 0 = s - p + 3. Is y a prime number?
True
Suppose -9505 = -11*j + 6*j. Is j a prime number?
True
Suppose -2*l = -y + 162 - 65, 2*y - l - 185 = 0. Is y composite?
True
Suppose 3*p = -5*g + 197 + 194, -g = 5*p - 65. Suppose -j + g = -11. Is j a composite number?
True
Let r(g) = -8*g**2 + 10*g**2 + 5*g + g**3 + 1 - 2*g. Is r(3) a composite number?
True
Let v(u) be the first derivative of -u**4/4 + 7*u**3/3 + 3*u**2/2 - 10*u - 4. Let s be v(7). Suppose -165 + s = -2*q. Is q a prime number?
False
Suppose 0*a = -2*a + 682. Is a prime?
False
Let b be 2/8 + (-15)/(-4). Suppose -5*n + 11 = -2*g - 19, 0 = -b*g - 3*n - 86. Let p = -5 - g. Is p composite?
True
Let i = -9 - -111. Let v = i - 25. Is v a prime number?
False
Let h = 803 - 392. Is h composite?
True
Let f(m) = -5*m + 9. Let u be f(7). Let d = 139 + u. Is d a composite number?
False
Is 69 + (-2)/(2 + -1) a composite number?
False
Let j = 1 - 8. Is 2/4*(-1610)/j a composite number?
True
Suppose 11350 + 2498 = 8*o. Is o prime?
False
Suppose 2*s - 3*s = -111. Is s prime?
False
Suppose -3*h - 2*z - 607 = 0, -5*z - 113 = 3*h + 482. Let o = h - -347. Is o prime?
False
Let k = -168 - -919. Is k a composite number?
False
Let k(z) = z**3 - z**2 + 2. Let d be k(0). Is 61 + 4/d + -4 composite?
False
Let r(k) = -19*k + 2. Let p(m) = -m. Let o(a) = -4*p(a) + r(a). Is o(-5) a prime number?
False
Let b(q) = 5*q**2 + 21*q + 3. Is b(-12) composite?
True
Let g(c) = -c**2 + 2*c - 3. Let f be g(3). Is -1 + 2/(f/(-45)) prime?
False
Let h(r) = r**2 - 8*r + 15. Let o be h(6). Suppose 0 = o*z - 1160 - 1057. Is z composite?
False
Suppose 4*j = -0*j + 9760. Suppose -2*c - 